pose 370*x + 19088 = 386*x. What are the prime factors of x?
1193
Let v = 20 + -6. Let p(m) be the third derivative of m**4/6 - 11*m**3/2 + 15*m**2. What are the prime factors of p(v)?
23
What are the prime factors of (4 + -381)*-3 + 3?
2, 3, 7
Suppose 3*w = -2*r + 17, 5 = r + 4*w - 11. Suppose 0 = -c + r*c - 12. Suppose 3*z = 2*n + 33, 0 = -z + c*n - 3 + 4. List the prime factors of z.
13
Let w(l) = -6*l - 2 + l**2 + 5*l - 3 + 13*l. What are the prime factors of w(-17)?
2, 5
Suppose -m = 1 - 3. Let y(l) = 4 + 7 - 13 + 3*l + 4*l**3. List the prime factors of y(m).
2, 3
Let l(u) = -16*u - 4. Let r be l(-2). Let a = -20 + r. List the prime factors of 234/a - (-3)/(-12).
29
Let o(u) = u**2 + 11*u + 12. Let l be o(-8). What are the prime factors of ((-88)/6)/(l/(-9) - 2)?
2, 11
Let y be -5*(39/(-15) - -2). Let w(s) = 6 + 2*s**3 - 9 + 182*s - 180*s. What are the prime factors of w(y)?
3, 19
Suppose 507 = -11*k + 3389. List the prime factors of k.
2, 131
Suppose -4*s = 3*r + 33, 3*r - 11 = 4*r + 5*s. Let w = 38 + r. Suppose -4*j + 69 + w = 0. List the prime factors of j.
2, 3
Suppose 9 = 5*v + 4. Let d(k) = 24*k**3 + k - 1. List the prime factors of d(v).
2, 3
Suppose k = 2*g + 879, -2*g - 1766 = 10*k - 12*k. What are the prime factors of k?
887
Let o = 7 + -7. Suppose -3*r + 4 = -4*j - 8, o = -4*j. Suppose -r*l = -3*l - 6. What are the prime factors of l?
2, 3
Let i be (-14)/(-21) + (-4)/6. Let k(b) = -b**2 + b - 72. Let u be k(i). List the prime factors of (u/(-4))/(3/4).
2, 3
Let l be 59 + (3 + 3)/(-2). Suppose 0 = -5*q + g + 117, 2*q = 4*g + g + l. Suppose -7 - q = -3*p. What are the prime factors of p?
2, 5
Suppose 22*v - 5*v = 20604. List the prime factors of v.
2, 3, 101
Let y(i) = 4*i - 9. Let r be y(6). Let b be 6/r - 234/10. List the prime factors of 2*b/(-6)*3.
23
Let i = 748 + -515. What are the prime factors of i?
233
Let v = 21 - 19. Let x(c) = 24*c + 8. What are the prime factors of x(v)?
2, 7
Let f(v) = -v**2 + 2*v + 85. Let n(p) = -2*p + 22. Let b be n(11). What are the prime factors of f(b)?
5, 17
Let n = 4757 + -1665. What are the prime factors of n?
2, 773
Let b(j) = -j**2 + 73*j - 151. What are the prime factors of b(28)?
1109
Let r(z) = z**3 - 5*z**2 - 2*z + 6. Let h be r(5). Let k be 1 + (h - -3) + 2. Suppose 7 + 51 = k*o. List the prime factors of o.
29
Suppose -121 = 3*x - 4*x. Suppose 5*u + x = -3*y, -5*u - 17 + 120 = -4*y. Let a = -22 - y. List the prime factors of a.
2, 5
Let r(n) = n**2 + 6*n - 9. Let p be r(11). Suppose 2*o - p = 82. List the prime factors of o.
2, 5, 13
Suppose 5*c - 68 = -218. Let a(u) = -4*u + 6. Let j be a(-14). Let x = j + c. What are the prime factors of x?
2
Let n = 973 + -532. List the prime factors of n.
3, 7
Suppose 9 = -2*p + 4*l + 1, 0 = -4*l + 12. Let u(w) = 21 + p*w - 3*w + 2*w. What are the prime factors of u(0)?
3, 7
Suppose 27*t - t - 75192 = 0. List the prime factors of t.
2, 3, 241
Let f = -272 - -589. Let l = 479 - f. What are the prime factors of l?
2, 3
Let z(d) = -d**2 - 11*d - 5. Let f be z(-10). Suppose 0 = f*t + 2*g - 151, -15 = -2*t + 3*g + 53. List the prime factors of t.
31
What are the prime factors of ((-30)/8)/(-9*(-8)/(-5280))?
5, 11
Let t(a) = 75*a**3 - 2*a**2 - 3*a + 7. What are the prime factors of t(3)?
5, 401
Let c = 291 + -171. Suppose 2*k = -3*a + 214, -c - 156 = -4*a + 2*k. What are the prime factors of a?
2, 5, 7
Let k be 67/(-3) - (-12)/9. Let g = k - -59. What are the prime factors of g?
2, 19
Let s(r) be the first derivative of -r**4/4 + 2*r**2 + 3*r - 18. Let o = 0 + -2. List the prime factors of s(o).
3
Suppose 5 = -5*i, k - 5*i + i = 6. Suppose -5 = b, -b = 4*f + k*b - 177. Let n = f - 7. What are the prime factors of n?
41
Suppose 8 = -y + 23. Suppose -18 = -y*u + 14*u. List the prime factors of u.
2, 3
Suppose 23*b = -3*u + 24*b + 6179, -b - 5 = 0. What are the prime factors of u?
2, 3, 7
Suppose 636 - 1641 = -i. List the prime factors of i.
3, 5, 67
Let q(p) = 3*p**2 + 95*p - 26. List the prime factors of q(32).
2, 17, 179
Suppose 3*i + 5*j = 40, 0*i = -3*i - 4*j + 41. Suppose 3*s - i = 0, 615 = 5*u - 4*s + 5*s. List the prime factors of (u/(-10))/(24/(-120)).
61
Let i = -36 - -34. List the prime factors of i/4 - (-1950)/12.
2, 3
Let i(p) = 7*p**2 - 2*p - 1. Let l be i(-1). Let u be (-60)/8 - 12/l. Let h = 14 + u. What are the prime factors of h?
5
Let f(g) = 246*g**3 - 5*g**2 - 3*g + 6. List the prime factors of f(2).
2, 487
Suppose 41 = 4*b + 1. Let r be 2/b - (-39)/5. Suppose 0 = r*x - 2*x - 96. List the prime factors of x.
2
Let r(s) = -s + 76. List the prime factors of r(-17).
3, 31
Let y = 651 - 450. What are the prime factors of y?
3, 67
Suppose 5*y + 2 = 3*f, -f - 1 + 3 = -3*y. Suppose 8*w - 328 = -0*w. Let x = w + f. What are the prime factors of x?
2, 5
Let w = 2070 - 901. What are the prime factors of w?
7, 167
Let l = 339 - -808. What are the prime factors of l?
31, 37
Let q be (35/(-15))/(2/6). Let g be 166*2/(3 + q). Let x = -46 - g. List the prime factors of x.
37
Suppose 2*b = -5*u + 38, 4*b = -0*b + u + 32. Suppose -b*q - 198 = -882. List the prime factors of q.
2, 19
Let l(c) = 3*c**2 - 2*c - 6. Let r be l(-6). Let j = r + -64. What are the prime factors of j?
2, 5
Suppose 0*q - 4*q = 0. Let i(m) = -m**2 + 332. Let k be i(q). List the prime factors of (-8)/(-28) + k/14.
2, 3
Let x be (-16 + -5)*(-2)/6. Let r = -15 + x. Let j(a) = -4*a - 11. List the prime factors of j(r).
3, 7
Suppose 0 = -47*c + 2016 + 15327. What are the prime factors of c?
3, 41
Suppose -2*h - 5*s = -h - 8, 0 = -2*h + 5*s + 1. Let a(d) = d - d**2 - 1 - 4 + 14 - d**h. List the prime factors of a(0).
3
Let n(k) be the third derivative of k**7/420 - k**6/240 + k**4/12 + 2*k**2. Let l(b) be the second derivative of n(b). What are the prime factors of l(2)?
2, 3
Let u(m) = 3*m - 20. Let x be u(8). Suppose -x*b = -b. Suppose 5*t + 27 - 302 = b. List the prime factors of t.
5, 11
Let z(k) = -3*k**2 + 24*k + 11. Let y(n) = n**2 - n - 1. Let a(h) = -4*y(h) - z(h). List the prime factors of a(-15).
2, 17
Let j = -294 - -210. List the prime factors of 77/(-1)*72/j.
2, 3, 11
Suppose -4*x + x - 417 = -3*z, 417 = 3*z + 3*x. What are the prime factors of z?
139
Suppose 561*l + 35629 = 572*l. What are the prime factors of l?
41, 79
Let j(o) = o**3 + o**2 + 6*o - 12. What are the prime factors of j(2)?
2, 3
Let t = 56 + -39. List the prime factors of (t - 5)*(-54)/(-4).
2, 3
Let q be 1/(-3) - 368/(-6). Suppose 2*p - 5*h = 6*p - 118, 5*p + 3*h - 154 = 0. Let s = q - p. What are the prime factors of s?
29
Let k(h) = 266*h**2 + 14*h + 23. What are the prime factors of k(4)?
3, 5, 17
Let m be (-4)/10 + (-1174)/(-10). Suppose i - 2*a - m = 0, -i + a + 243 = i. List the prime factors of i.
3, 41
Let t(z) = -4*z + 69. Let d be t(16). What are the prime factors of (-1 - -931)/6 - (d - 1)?
151
Let w(s) = -34*s + 12. Let f(y) = y + 10. Let z be f(-14). List the prime factors of w(z).
2, 37
Let g be (-12)/(-8)*12/9. Let c = 8 - 0. What are the prime factors of 3 - (-12)/(c/g)?
2, 3
Let t = 612 + -419. What are the prime factors of t?
193
Let p = -225 + 444. What are the prime factors of p?
3, 73
Suppose 3*y - 399 - 897 = 0. List the prime factors of y.
2, 3
Suppose -2*r - 3*x + 5207 = 0, -r + x = -3*x - 2620. List the prime factors of r.
2, 163
List the prime factors of (-3)/(15/(-5))*185.
5, 37
Suppose 0*h = 3*d + 2*h + 2, -2 = d + h. Suppose 2*v = 3*j - 782, 4*v + 513 = d*j + v. Suppose 2*s - j = -6*s. List the prime factors of s.
3, 11
Let j = 259 + 7. Suppose 4*l = -2*d + j + 168, d - 3*l = 212. List the prime factors of d.
5, 43
Let a(y) = 16*y + 670. List the prime factors of a(45).
2, 5, 139
Let k = 27 - 25. Suppose -k*t - 15 = -3. What are the prime factors of (-978)/(-18) - 4/t?
5, 11
Let w be (2*1)/(2/4). Let o be w/6*(-3)/(-2). Let x(v) = 24*v**2 + 2*v - 1. List the prime factors of x(o).
5
Let p(c) = -3*c. Let x be p(-10). Suppose -3*b = b + 3*q - 40, -3*b + 5*q = -x. What are the prime factors of b?
2, 5
Suppose 245 = 5*r - 2*u + 25, 3*r - u = 132. List the prime factors of r.
2, 11
Let q = 788 + 103. List the prime factors of q.
3, 11
Let x(y) = -2*y - 28. Let w be x(-16). List the prime factors of w + 0 + 102 + -23.
83
Suppose -69*p = -41*p - 17052. List the prime factors o